ppose -27340885 + 10093137 = -28*z. Is z composite?
True
Let f(r) = 38579*r + 14079. Is f(20) a prime number?
False
Suppose -5*o + 38608 - 8222 = a, -4*a + 24312 = 4*o. Is o a composite number?
True
Let b = 91611 - 46738. Is b a prime number?
False
Suppose -8 = -3*z + 3*d + 4, -9 = -3*z + 2*d. Let b(i) = -i**2 + 8*i - 13. Let t be b(6). Is (2775 - t) + z + 0 + 0 prime?
True
Suppose 3*q + q + 2280 = 0. Let n = 2520 + q. Suppose -n = -4*w - 2*s, 2440 = 5*w - s + 4*s. Is w composite?
True
Suppose 0*y + 12 = 5*o - y, 6 = 2*y. Suppose -8313 = -o*f + 2*h, -5*h + 3*h + 11098 = 4*f. Is f composite?
True
Is (-7788)/(-11) - (-2 - 7) prime?
False
Let z = -162 - -240. Suppose -5*h = -8*h - 123. Let w = z + h. Is w composite?
False
Suppose 249224 + 279803 = 5*g - 140238. Is g prime?
True
Let i(a) = -a**3 - 22*a**2 - 46*a + 19. Let z be i(-14). Let t = z - -1407. Is t a prime number?
False
Is ((-1)/2 - -1)/((1653/4724042)/57) a prime number?
False
Suppose -2047*w = -2012*w - 32245045. Is w prime?
True
Let z(l) = 0 - 17 + 84*l - 8. Suppose a - 2*a - 7 = -f, -2*f - 5*a + 21 = 0. Is z(f) composite?
False
Let f(m) be the third derivative of 16*m**2 - 25/24*m**4 + 0*m + 7/6*m**3 + 0. Is f(-3) a composite number?
True
Suppose 17*p = -3*p + 60. Suppose 16588 = -2*i + 3*i + 5*m, 4*m + 49821 = p*i. Is i a composite number?
False
Suppose 55*v + 64566 = -k + 53*v, -3*k - 3*v = 193701. Is (-1)/(k/(-21524) - 3) a prime number?
True
Let r = -69 + 47. Let p = r + 22. Suppose -5*t = -p*t - 715. Is t prime?
False
Let i be 550/3 + -5 + (-2)/(-3). Suppose -i = -3*r + 136. Suppose -l = -218 - r. Is l a composite number?
True
Suppose 1 - 28 = -9*v. Suppose -4*k + 7276 = v*x - 7*x, x = 2*k - 3636. Is k a prime number?
False
Let l(s) = 19*s**3 + 4*s**2 - 37*s + 72. Let z be l(3). Let h be 0/1 + 0 + -227. Let p = z - h. Is p prime?
False
Let j(c) = 56*c**3 - 3*c**2 - 2*c - 1. Let v be j(3). Let x(w) = 139*w - 157. Let y be x(2). Suppose -y - v = -3*r. Is r prime?
False
Let i be (530748/15)/(3/15). Suppose -i = -11*p - p. Is p a prime number?
False
Suppose -10*t + 6*t = 0. Suppose q + 3*b - 2 = 5, -4*q + 3*b + 58 = t. Suppose -3*l + q*l - 3370 = 0. Is l composite?
False
Let a be 13/5 + ((-21)/5)/7. Suppose -14*b - 1077 = -15*b + a*o, 3*b + 5*o = 3187. Is b a composite number?
False
Let n = 536 - 840. Let b = 791 + n. Is b a prime number?
True
Let q = -152370 + 278891. Is q a composite number?
True
Suppose -270387 = 45*u - 1183302. Is u prime?
True
Let p(u) = 2*u**3 - 76*u**2 - 19*u + 24. Let o(b) = -b**3 - 2*b - 1. Let a(k) = -2*o(k) + p(k). Is a(21) a prime number?
False
Suppose -j - 9 = 2*j. Let v(h) = 2517*h + 2525*h - 5047*h + 15*h**2 - 1. Is v(j) a composite number?
False
Suppose -2*l = -4, 4*x + 748 - 17364 = -2*l. Suppose 8*f + 545 = x. Is f prime?
False
Let d be 2/11 + (-60)/(-33). Let n(g) = -6*g - 48. Let x be n(-10). Suppose 0 = -3*m - d*c + 1769, -3*c = -6*c + x. Is m a composite number?
False
Let l be 21/(126/(-35720)) + 4/(-6). Let x = -1581 - l. Is x a prime number?
True
Let n be (4225/35 - 4/(-14))/1. Let z = n + -72. Let u = -11 + z. Is u a composite number?
True
Let g(q) = 44*q + 7. Let o(b) = -22*b - 4. Let n(j) = 3*g(j) + 5*o(j). Let d be n(14). Suppose s - d = -8*p + 4*p, -5*s + 1450 = p. Is s prime?
False
Let i be ((-532)/(-42))/(1/(-12)). Is ((-522168)/i)/3 - (-6)/(-57) a composite number?
True
Let x(m) = -60*m - 55. Let q(v) = -v**2 - 12*v + 36. Let u be q(-15). Is x(u) a prime number?
False
Let z(n) = 5729*n**2 - 140*n - 72. Is z(5) prime?
True
Let d(m) = 30*m**2 - 246*m - 353. Is d(71) a composite number?
True
Is 121468 + (17 - 56/35*5) composite?
True
Let m = -47 + 49. Let x be 28*-2*(-17)/(-8)*m. Let t = 1305 - x. Is t prime?
True
Let b(h) = -h + 7. Let j be b(3). Suppose 2*n = y + 6*n - 1596, j*y = 5*n + 6321. Let u = y + -881. Is u composite?
True
Suppose 0 = -5*c + 9*c - 2932. Suppose n - 1466 = -n + 2*g, 3*g + c = n. Is n prime?
True
Suppose 0 = -5*h - 2*i + 53981, -h + 5*h + 4*i - 43180 = 0. Suppose -5*v = 2*q - h, 10809 = 5*v - 2*q + q. Is v a prime number?
True
Suppose -2*y - 8 = -4*y. Suppose y*m = 13*m - 6597. Is m prime?
True
Suppose 0 = -46*i - 25*i + 11*i + 2590620. Is i composite?
False
Let f = -37 + 43. Is (6 - 39/f)*-4642 a prime number?
False
Let p be (12 + -10)*(-2)/4. Let x be -641 - (p + 4 - -1). Is x*(25/(-45) - 2/(-9)) a prime number?
False
Let n = -5621 - -15216. Suppose -5*l = -n - 20800. Is l composite?
False
Suppose -y + 8645 - 5214 = -33330. Is y a composite number?
False
Let h(r) = 4543*r + 2. Let d be h(-6). Let a = d + 48315. Is a prime?
True
Let o(w) = 693*w**2 + 1928*w + 19. Is o(-22) composite?
True
Let k(f) = -152*f**3 + 19*f**2 + 6*f. Let i be k(-12). Is i/63 - 6/14 a prime number?
True
Suppose -57*h = -14*h - 7170856 - 543129. Is h a composite number?
True
Let i be (-7 - 1)*(-2)/(-4). Let d = 641 + -2098. Is i/(4 + -6) - d composite?
False
Let w = -17 + -178. Let q = -397 - w. Let c = 533 + q. Is c composite?
False
Let h(y) = 15*y**2 - 25*y - 287. Is h(39) composite?
True
Let k = -160118 - -231241. Is k prime?
False
Let t = 258 - -1852. Let b = -1162 + t. Suppose 0 = -d - p + b, d - 6*d = 2*p - 4755. Is d a composite number?
False
Suppose -2*x + 3*x + 5*f = 77099, -4*f = x - 77093. Is x composite?
False
Suppose 0 = 2*j - 4*p, -12*j + 14*j + 4 = 2*p. Is j*(-4)/(-32)*-9722 a composite number?
False
Let u = 3610 - 1989. Suppose -u = 130*i - 131*i. Is i composite?
False
Is 14*(-22)/3850 + 1756277/25 a prime number?
False
Let m = 86 + -80. Suppose -2*t + 2*a = -18, 3*a = -m*t + 7*t - 1. Suppose -396 = -t*n + n. Is n prime?
False
Is (58595526/1683)/(2/17) prime?
True
Suppose 2*p + 149 - 547 = 0. Let z = p - 96. Is z a composite number?
False
Let i(n) = 1392*n + 65. Let v(f) = -4177*f - 192. Let h(b) = -11*i(b) - 4*v(b). Is h(5) composite?
True
Suppose 2*p = -19*p + 294. Suppose -4*j = -8, 3*v - 11*j + p*j = 20847. Is v a composite number?
False
Suppose 0 = -141*z - 151*z + 285*z + 56903. Is z a composite number?
True
Let w(q) = -q**3 + 6*q**2 - 4*q - 3. Let z be 11/2 + ((-1)/(-2) - 1). Let b be w(z). Suppose 4*x + 372 = b*v, 0 = -4*x - 15 - 1. Is v prime?
False
Let n = 236 + -107. Suppose -u + m + n = 0, 0*m - 371 = -3*u - 5*m. Is u a prime number?
True
Suppose -276187 = -3*p + 4*v, -3*p - 3*v + 276185 = -5*v. Suppose 5*w - p = u - 1471, -u = -5. Is w a composite number?
False
Let g(p) = 13*p**2 + 9*p + 29. Let k(c) = 37*c**2 + 26*c + 86. Let b(s) = -17*g(s) + 6*k(s). Is b(-18) a prime number?
True
Let b be ((-2)/6)/(664285/110715 + -6). Suppose -4 = 4*l, 0*k + l - b = -2*k. Is k a prime number?
True
Let q(u) be the third derivative of -u**6/120 - u**5/10 - u**4/24 + 7*u**3/6 + 2*u**2 - 21. Let p = -17 + 11. Is q(p) a composite number?
False
Let r(y) = -874*y**3 - 2*y**2 - 5*y - 5. Suppose 50 = -18*c + 14. Is r(c) composite?
True
Let w be (6/(2/2))/(10/5). Suppose f + 12 = w*f. Suppose -f*k + 4739 = k. Is k a prime number?
True
Is (2 - (-39)/(-15)) + (-3 - (-4303749)/15) a composite number?
True
Let w(h) = 37*h**2 + 10*h - 46. Let r be ((-48)/30)/((-1)/5). Is w(r) a prime number?
False
Let u be 3/(6*1/16). Suppose -15*v + u*v = 7. Let z(n) = -49*n**3 - n**2 + 1. Is z(v) a composite number?
True
Let u(q) = 10*q**2 - 35*q - 17. Let k(m) = 2*m**2 - 22*m + 14. Let b be k(12). Is u(b) a composite number?
False
Let f = 914 - 908. Suppose -10*z = -f*z - 108140. Is z composite?
True
Let p(t) = 11*t**2 - 3*t - 2. Let i(c) = -c**2 + c + 1. Let x = 11 + -10. Let l(m) = x*p(m) - 4*i(m). Is l(-4) a prime number?
False
Suppose -1442*o + 916303 = -1441*o + 4*d, -2*d + 3665268 = 4*o. Is o composite?
False
Let s be ((-1554)/(-49))/(2 + 81/(-42)). Suppose w + w = -458. Let p = s - w. Is p composite?
False
Let u(k) = -k**3 + 10*k**2 - 20*k - 16. Let n be u(7). Is 1/4*(-110995 + 7)/n composite?
False
Suppose 4*j = -10*j + 23*j - 1919961. Is j prime?
True
Suppose 4*r + 2*z - 3648654 = 0, 2736508 = 3*r - 1974*z + 1973*z. Is r a composite number?
False
Let f(o) = -2*o**2 + 18*o - 5. Let x be f(8). Suppose -16*i + 5 = -x. Is (-134)/i*10/4*-1 composite?
True
Is 10666/1 - (-11)/(15 - 4) composite?
False
Let q = -335 + 163. Let y = 783 + q. Is y prime?
False
Let a = -9040 - -4519. Let t be 2 + (-7)/4 - a/44. Let h = 141 - t. Is h a composite numbe